 remainder when l*((-6)/(-3))/(-1) is divided by 16.
14
Suppose 0 = t - 0*t + v - 27, -5*v - 40 = -2*t. Calculate the remainder when t is divided by (1/(0 - -2))/(3/78).
12
Let q(j) = -j**3 - 4*j**2 - 5*j + 1. Let g(a) = -a**3 - 5*a**2 - 3*a. Let i be g(-4). Calculate the remainder when q(i) is divided by (-8)/44 - 123/(-11).
10
Let h = 14 - 11. Let y(q) = 3*q**2 + 3*q - 3. Calculate the remainder when y(h) is divided by 12.
9
Suppose -4*o + o + 21 = 0. Calculate the remainder when 25 is divided by 1*o*(12 + -10).
11
Let y = -19 - -13. Let g = 0 - y. What is the remainder when g is divided by 4?
2
Suppose 0 = 1752*n - 1754*n + 30. Calculate the remainder when 408/7 + (-2)/7 is divided by n.
13
Suppose -u - 4*u = -370. What is the remainder when u is divided by 15?
14
Suppose 3*l - 2*g + 9 = -2, 5*g = 2*l. Let j(r) = -r**3 - 4*r**2 + 2*r - 3. What is the remainder when j(l) is divided by 7?
5
Let b = 80 - 36. Suppose 0*p + b = 2*p. What is the remainder when p is divided by 4?
2
Suppose 2*x + 3*x = 70. Let c(u) = u**3 - 5*u**2 + 8*u - 11. Calculate the remainder when x is divided by c(4).
4
Let a = 98 - 66. Let r(v) = -v**3 + 6*v**2 - v - 3. Suppose 12 = -5*y + 37. What is the remainder when a is divided by r(y)?
15
Let t(p) = p - 2. Let c be t(0). Let b = c - -10. What is the remainder when (4/10)/((-1)/(-55)) is divided by b?
6
Suppose b - 12 - 42 = 0. Let g(f) = -f**2 - 14*f - 9. Let p be g(-13). Suppose -t + 19 - 3 = z, -p*t - 2*z = -b. What is the remainder when t is divided by 6?
5
Suppose 0 = -3*y + 41 + 7. What is the remainder when 47 is divided by y?
15
What is the remainder when (-5 + 20/25)*-5 is divided by 2?
1
Let d(h) = 32*h**2 - h - 1. Let a be 2*2/8*-2. Suppose 4*o = 2*g - 34, -5*o = 2*g - 29 - 5. Calculate the remainder when d(a) is divided by g.
15
Let c be -14*(-3)/6 - 1. Suppose -2*l = -c*l. Suppose l = 3*u - 0*u - 12. Calculate the remainder when u is divided by 2.
0
Let a = -27 + 74. Calculate the remainder when a is divided by 16.
15
Suppose l - 4*m = -0*m - 12, -l = -m. Let d(v) = -v**2 + 11*v - 5. Calculate the remainder when d(l) is divided by 6.
5
What is the remainder when (-2)/7 - (-774)/14 is divided by 4/14 + (-131)/(-7)?
17
Let m = 0 - -5. Let u(p) = p**2 + 42*p - 223. What is the remainder when u(-47) is divided by m?
2
Let n be 5/3*(-2 - -5). Suppose 0 = 2*a + n - 33. What is the remainder when 41 is divided by a?
13
Let j(l) = -5*l - l**2 - l**3 - 4*l**3 + l**2 - 5. Calculate the remainder when j(-2) is divided by (-9)/(-2)*8/3.
9
Let p(l) = l + 4. Suppose 47 = -3*m + 167. Suppose -r = -4*w + 2*w + m, 0 = 2*w + 3*r - 32. Calculate the remainder when w is divided by p(6).
9
Let i(c) = -c + 1. Let a be i(-1). Suppose 4*f - 34 + a = 0. Calculate the remainder when f is divided by 5.
3
Let n = -132 - -169. Let z be (-45)/(-2) + 2/4. Let w = z + -4. What is the remainder when n is divided by w?
18
Suppose 5*b = -3*s + 44, -4*s - 1 = -2*b - 25. Let o = s - 6. Suppose c - 2*x + 43 = o*c, -c + 46 = 3*x. Calculate the remainder when c is divided by 13.
11
Suppose 5*v - 8*v + 33 = 0. Calculate the remainder when 25 is divided by v.
3
Let q = -55 + 3. Calculate the remainder when 2/(-4)*4 - q is divided by 13.
11
Let n = -10 - -13. Suppose 0 = n*k - 0 - 27. What is the remainder when 32 is divided by k?
5
Suppose -4*u - 8 + 80 = 0. What is the remainder when (-1 - -2)/1 - -70 is divided by u?
17
Let p = 37 + -13. Calculate the remainder when p is divided by 9.
6
Suppose 0 = -6*z - 195 + 681. Calculate the remainder when z is divided by 21.
18
Suppose -a - o + 72 = -44, -3*a + 344 = 4*o. Let x = a + -78. Calculate the remainder when x is divided by 11.
9
Let r(x) = -x**3 - x**2 - x + 1. Let g be r(-2). Suppose 2*a + g = n, 0 = a + 2*a + 6. Calculate the remainder when 4 is divided by n.
1
Suppose 0 = h - v - 6, h + 5*v = -2*h + 50. Let i = 15 - h. Suppose 0 = -a - k + 2, a - k = 4. What is the remainder when i is divided by a?
2
Suppose 2*s = -2*u, -5*s + 0*s - 20 = 0. Suppose 0*p - u*p + 32 = 0. What is the remainder when 15 is divided by p?
7
Let j = -6 + 15. Calculate the remainder when (-160)/(-3) - 3/j is divided by 27.
26
Suppose 3 = -2*z - 3. Let g = z + 23. Suppose 0 = -5*r - 3*y + 32, 2*r + y - 27 = -2*r. What is the remainder when g is divided by r?
6
Suppose s - 2*l - 8 = -l, 0 = 2*s - l - 12. Let p = -3 + 9. Suppose 4 = 3*d + m, -p*d + 4*d = -2*m - 8. What is the remainder when s is divided by d?
0
Suppose 2*j - 4*b - 46 = 0, 2*j - 14 = j + 5*b. Suppose w + j = 2*w. Calculate the remainder when w is divided by 8.
5
Let r = -31 + 55. Suppose -5*h - 4*p = -r, -3*h + 16 = -3*p + 5*p. What is the remainder when h is divided by 3?
2
Let k = -28 - -39. Let x = k - 9. Calculate the remainder when x is divided by 2 + (1 + -2 - 0).
0
Calculate the remainder when -5 + -1 + 7 - -156 is divided by 23.
19
Let i be (-603)/6*(4 + -2). What is the remainder when 9/15 - i/15 is divided by 4?
2
Let n(m) = m - 1. Let h be n(3). Let f = h + 1. Suppose -6*o - 10 = -c - f*o, -2*o = 0. What is the remainder when 19 is divided by c?
9
Let h be 55 - ((-9)/3 + 2). Suppose 80 - 300 = -4*s. Calculate the remainder when s is divided by (h/10)/((-8)/(-20)).
13
Let m be (2/4)/(3/18). Suppose -1 - 8 = -m*y. Suppose -2*f = -y*f + 13. What is the remainder when 25 is divided by f?
12
Let a(s) = 2*s**2 - s - 4. Suppose -2*m = -3*n - 2, 0*n = n + 4*m - 18. Calculate the remainder when a(-4) is divided by n/2 + -3 + 13.
10
Let u(o) be the second derivative of o**4/4 - o**2/2 - o. Let t(p) = -p - 8. Let i be t(-6). What is the remainder when 42 is divided by u(i)?
9
Suppose -24 = -8*u + 8. What is the remainder when 15 is divided by u?
3
Suppose -f - 2*i - 53 = -6*f, -40 = -4*f + 4*i. What is the remainder when 63 is divided by f?
8
Let i = -28 + 37. Calculate the remainder when 26 is divided by i.
8
What is the remainder when 24/60 + 2666/10 is divided by 54?
51
Suppose -6*s + 4*w = -3*s + 2, -w + 10 = 4*s. Suppose 4*i - 2*i = 6, -i - 3 = -3*z. Suppose -z*x = x - 6. Calculate the remainder when s is divided by x.
0
Suppose -3*u - u + 100 = 0. Calculate the remainder when 47 is divided by u.
22
Let h(p) = -2*p**2 + 9*p + 1. Calculate the remainder when 19 is divided by h(4).
4
Let j(p) = p - 16. Calculate the remainder when (-43)/(-4) + (-1)/(-4) is divided by j(22).
5
Suppose 0 = 4*x - 4*c + c - 198, -3*x + 5*c = -154. Suppose -3*k - 5*n = -2*n - x, 0 = -5*k - 4*n + 77. What is the remainder when 24 is divided by k?
11
Let i = -9 + 71. Calculate the remainder when i is divided by 32.
30
Let v be 14*3*1/6. Suppose 2*t = v*t - 185. Let u = 26 - 16. Calculate the remainder when t is divided by u.
7
Let a(w) = -2*w**2 + 0*w**3 + w**3 - 4*w + 2*w + 3. Let u be a(4). Let i = u + -14. Calculate the remainder when 38 is divided by i.
12
Let p = 22 + 1. Suppose -2*u - 262 = -4*j, 63 = j + 3*u - 4*u. What is the remainder when j is divided by p?
22
Suppose -6*t + 108 = -486. Calculate the remainder when t is divided by 13.
8
Let d = 6 - 2. Suppose 1 = -d*s + 41. What is the remainder when 27 is divided by s?
7
Let q be 1/2 - 1/2. Let u(k) = k + 29. Let m(r) = -r**2 - 8*r - 6. What is the remainder when u(q) is divided by m(-4)?
9
Suppose 147 = 3*a + v - 8, 5*a - 257 = -2*v. Let r = 80 - a. Calculate the remainder when r is divided by 10.
7
Let u be (-38)/(-8) + 3/12. Let g = u + -11. What is the remainder when 47 is divided by 108/3*(-4)/g?
23
Let p(f) = 4*f + 3*f + 6 + 0*f - f**2 - 2. What is the remainder when 41 is divided by p(5)?
13
Let c be (-5)/1*(-2)/(-5). Suppose 54 = -4*w + 7*w + 5*y, -3*w = 2*y - 63. What is the remainder when w is divided by 23/2 + c/(-4)?
11
Suppose -4*l + 29 = 5*y, 5*l + 0*l - 20 = -3*y. Suppose 3*p - 22 = -k, 0*k - k - 2 = -y*p. Let o = -4 + 9. What is the remainder when k is divided by o?
3
Suppose -5*k - 2*c + 98 = 0, -3*k - 5*c + c = -56. Suppose -k*d = -16*d - 12. What is the remainder when 2/3*15*1 is divided by d?
1
Suppose -4*q - 71 = -5*v, -3*v - 6*q + 17 = -2*q. Suppose -7*w + 6*w + 30 = -z, 0 = 2*z. What is the remainder when w is divided by v?
8
Let s(y) = 2*y**2 + y + 1. Let f be s(-1). Suppose -b = f*x - 54, 3*b + 32 = 2*x + 162. Calculate the remainder when b is divided by 16.
14
Let m = 17 - 11. Calculat